
Is 1784867765 a composite number?
True
Is 325403327 prime?
True
Is 1282079 a composite number?
False
Is 108790141 prime?
True
Is 1422953 composite?
True
Is 8379373 a composite number?
False
Is 32036699 prime?
False
Is 595359481 a prime number?
False
Is 5183933 a composite number?
False
Is 66661693 composite?
True
Is 3508553 composite?
True
Is 200287 prime?
False
Is 800363359 prime?
False
Is 1983719 composite?
True
Is 7483733 prime?
True
Is 2916929 a prime number?
False
Is 18535147 a prime number?
False
Is 111112541 a composite number?
False
Is 36829553 a prime number?
False
Is 20198713 prime?
True
Is 272031 composite?
True
Is 48906989 a prime number?
True
Is 4062413 a composite number?
False
Is 9355051 a composite number?
True
Is 30618839 composite?
False
Is 7664015 a prime number?
False
Is 1670129 a prime number?
True
Is 156693623 prime?
False
Is 142151 a composite number?
False
Is 9145223 a composite number?
True
Is 54569657 a prime number?
True
Is 97632641 a composite number?
False
Is 14654953 composite?
False
Is 47051 prime?
True
Is 156885121 a prime number?
True
Is 308663 a prime number?
True
Is 5809201 prime?
True
Is 117614521 a prime number?
False
Is 30280109 prime?
True
Is 192487979 composite?
False
Is 403939037 prime?
True
Is 2318237 composite?
False
Is 119068241 a composite number?
True
Is 23390347 prime?
True
Is 1922663 a prime number?
True
Is 70781 a prime number?
False
Is 1855961 a composite number?
False
Is 520559443 composite?
True
Is 587877783 a prime number?
False
Is 21607877 a composite number?
True
Is 11087651 a composite number?
True
Is 448910257 composite?
True
Is 104093711 a composite number?
True
Is 65400889 prime?
False
Is 20064745 a prime number?
False
Is 6883997 composite?
True
Is 40802753 composite?
False
Is 7090891 a composite number?
True
Is 264209 prime?
False
Is 18225577 a composite number?
False
Is 61573963 a prime number?
False
Is 243660251 prime?
True
Is 683491 a composite number?
True
Is 2452595 prime?
False
Is 6976561 prime?
True
Is 5866243 composite?
False
Is 12870199 a composite number?
False
Is 495749 prime?
True
Is 168819239 a composite number?
True
Is 56837861 composite?
False
Is 32757479 a prime number?
True
Is 1759931 a prime number?
False
Is 197063723 prime?
True
Is 3351245 a composite number?
True
Is 177378167 composite?
True
Is 16778921 a composite number?
True
Is 116875893 composite?
True
Is 509387653 a composite number?
False
Is 36855341 a prime number?
True
Is 25581707 a prime number?
False
Is 24108557 composite?
True
Is 593296267 prime?
True
Is 2205605 a composite number?
True
Is 170452213 a prime number?
False
Is 1190359 a prime number?
True
Is 2802847 a prime number?
True
Is 2503799 composite?
False
Is 9816397 a prime number?
True
Is 94913623 prime?
False
Is 4342111 a prime number?
True
Is 158376329 a prime number?
True
Is 321283 a composite number?
True
Is 29202143 composite?
True
Is 296743537 a composite number?
True
Is 2640359 composite?
True
Is 188512453 a prime number?
False
Is 82890517 a composite number?
False
Is 133357829 a composite number?
True
Is 273871973 a prime number?
False
Is 401087 prime?
True
Is 773947 composite?
True
Is 339746063 a prime number?
True
Is 2629177 a prime number?
True
Is 7770673 prime?
True
Is 11358619 a composite number?
True
Is 40772929 composite?
False
Is 11040623 a composite number?
True
Is 85909105 a composite number?
True
Is 39469673 a composite number?
False
Is 81187829 a composite number?
True
Is 167189069 a composite number?
False
Is 10054991 prime?
False
Is 2075993 prime?
False
Is 3100327 a prime number?
True
Is 11856367 a prime number?
False
Is 13001663 a composite number?
False
Is 275325845 prime?
False
Is 31254581 a composite number?
False
Is 152043169 composite?
False
Is 943421 a prime number?
True
Is 7015231 prime?
False
Is 135763 prime?
False
Is 9648997 composite?
False
Is 38787373 a prime number?
True
Is 5912017 a composite number?
False
Is 393967331 prime?
True
Is 11141 a composite number?
True
Is 8377333 prime?
False
Is 2642639 a prime number?
True
Is 1721243 prime?
True
Is 825389 a prime number?
True
Is 67088291 composite?
False
Is 3438611 a prime number?
False
Is 46463459 a prime number?
False
Is 53397713 prime?
True
Is 7707991 a prime number?
True
Is 697451 composite?
True
Is 6057497 prime?
True
Is 14461757 a prime number?
True
Is 172209113 a composite number?
False
Is 633923 a composite number?
False
Is 12918181 a prime number?
False
Is 5246077 a composite number?
True
Is 19247821 composite?
False
Is 1545911 a prime number?
True
Is 1054320899 prime?
True
Is 92196073 a composite number?
False
Is 2715409 prime?
True
Is 107172447 prime?
False
Is 2095189 composite?
False
Is 8923801 a composite number?
False
Is 2025991 composite?
True
Is 279226001 composite?
True
Is 3232577 prime?
False
Is 4807727 composite?
True
Is 4816679 a prime number?
False
Is 2446391 a composite number?
True
Is 133087183 prime?
True
Is 99989933 composite?
True
Is 85485761 composite?
False
Is 9733741 a prime number?
False
Is 47076683 prime?
False
Is 18983753 a composite number?
True
Is 1063453 a composite number?
False
Is 5214659 composite?
False
Is 9389285 composite?
True
Is 10171577 a composite number?
True
Is 76759702 a prime number?
False
Is 10758023 a prime number?
False
Is 19919507 prime?
True
Is 58757371 a composite number?
False
Is 85016767 a prime number?
False
Is 322511 a prime number?
False
Is 832291 a prime number?
True
Is 76067395 a prime number?
False
Is 1608221585 a composite number?
True
Is 3559019 a prime number?
True
Is 13009439 a composite number?
False
Is 70423 prime?
True
Is 100811782 prime?
False
Is 3371815 composite?
True
Is 7242673 prime?
True
Is 109704563 composite?
False
Is 107532773 a composite number?
False
Is 390341 a composite number?
True
Is 1673957489 a prime number?
True
Is 17211391 composite?
False
Is 507883 a composite number?
False
Is 487622053 a composite number?
False
Is 19016593 a composite number?
False
Is 1642001 prime?
False
Is 8065979 a prime number?
False
Is 225250667 composite?
False
Is 257166607 a composite number?
True
Is 41473709 a prime number?
False
Is 6898 a composite number?
True
Is 108136109 prime?
True
Is 86069 a prime number?
True
Is 23687179 composite?
True
Is 51320729 a prime number?
False
Is 1948021 prime?
True
Is 229451 a prime number?
False
Is 41242667 prime?
False
Is 1973302919 composite?
True
Is 2811863 composite?
False
Is 4147649 composite?
True
Is 56051587 prime?
True
Is 9246047 a composite number?
False
Is 299603 composite?
False
Is 2377721 composite?
False
Is 15805183 composite?
True
Is 164006033 prime?
True
Is 4337099 prime?
False
Is 28454953 composite?
False
Is 22129853 a prime number?
True
Is 967783 composite?
True
Is 35519 prime?
False
Is 187351417 composite?
True
Is 224157226 composite?
True
Is 218980807 prime?
False
Is 3247133 prime?
True
Is 12286289 a prime number?
True
Is 30610037 a composite number?
True
Is 364856979 a composite number?
True
Is 18438349 prime?
True
Is 1057561 a prime number?
True
Is 397651871 composite?
False
Is 1544873 composite?
True
Is 812881711 prime?
True
Is 6680263 a composite number?
True
Is 64556671 composite?
False
Is 6895897 a prime number?
False
Is 95149537 a composite number?
True
Is 4400711 prime?
False
Is 1449691 a prime number?
True
Is 843351 a composite number?
True
Is 2533127 a prime number?
True
Is 4895119 composite?
False
Is 5537813 prime?
False
Is 118895719 composite?
False
Is 12070543 a prime number?
True
Is 145942609 a composite number?
False
Is 1100771 a prime number?
False
Is 93829921 a composite number?
False
Is 9602189 prime?
False
Is 3505351 prime?
True
Is 167391977 a composite number?
True
Is 902815 prime?
False
Is 5177897 a composite number?
True
Is 2641281 a composite number?
True
Is 2246467 composite?
False
Is 404951 a prime number?
True
Is 3443417 a composite number?
True
Is 781043 a prime number?
True
Is 1344719 a prime number?
False
Is 15980197 prime?
False
Is 10819793 prime?
True
Is 2119291 a composite number?
True
Is 243421 a prime number?
True
Is 4441271 a prime number?
True
Is 4907051 composite?
True
Is 24177287 composite?
True
Is 1177219 composite?
False
Is 50033933 composite?
True
Is 12436955 a composite number?
True
Is 16302245 compos